 = 0. List the prime factors of v.
3, 73
Suppose 5*x + 3575 = 2*p, -6*p + 5330 = -3*p - x. What are the prime factors of p?
5, 71
Let l = 24 - 26. What are the prime factors of l*1 + 64 + -12?
2, 5
Let j(n) = 96*n + 80. List the prime factors of j(23).
2, 11, 13
Let n be 3*(2/7 + 198/189). Suppose -48 = -2*g - y + 49, -n*y = 3*g - 153. List the prime factors of g.
47
Let d = -19 - -35. Suppose 10*l - 12*l + d = 0. List the prime factors of l.
2
What are the prime factors of (-80817)/(-27) - (110/99)/5?
41, 73
Suppose -5*w + 94 - 34 = 2*k, -45 = -2*w - 5*k. Suppose -w*c + 16*c = 762. List the prime factors of c.
127
Let w = 91 + -42. Suppose 4*q - 207 = -d, 0*q - q + w = 3*d. What are the prime factors of q?
2, 13
Let x = 461 - 306. List the prime factors of x.
5, 31
Let m be -1 - 4/8*-2. Suppose m = -2*i + 200 - 54. What are the prime factors of i?
73
Let f = -2 + 4. Suppose -77 + 23 = -f*s. List the prime factors of -1*(-2)/(6/s).
3
Let l(h) = -h + 8. Let m = -8 - -16. Let y be l(m). Suppose 0 = -d + 4*x - 10, y*d - 25 = -d - 3*x. List the prime factors of d.
2, 5
Suppose -3*b - 15 = 3. Let f(m) = -m**2 - 8*m + 7. List the prime factors of f(b).
19
Let d(i) = 27*i - 65. Let k = -58 - -66. List the prime factors of d(k).
151
Suppose 0 = 3*z - 48 + 54, -4*z + 2767 = q. What are the prime factors of q?
3, 5, 37
Suppose 4184*y - 4182*y - 10182 = 0. What are the prime factors of y?
3, 1697
Let i(r) = -13*r**2 + 9*r - 14. Let z be i(-19). What are the prime factors of z/(-45) + ((-2)/5 - 0)?
2, 3
Suppose 7*b - 8*b = -9. Suppose 3*v - b = -3. Suppose v*w = 4*z - 238, z - 3*w = -10 + 82. What are the prime factors of z?
3, 19
Let n be (-1331)/(-6) - (-2)/12. Suppose -2*k - n = -5*k. List the prime factors of k.
2, 37
Let i be ((-15)/(-6))/(1/26). Let l = 48 - 28. Suppose 5*z - l = i. List the prime factors of z.
17
Let q = -324 + 410. What are the prime factors of q?
2, 43
Suppose 0 = -r + 2*r - 9. Suppose -4*h - 15 = -r*h. Let z = h - -8. List the prime factors of z.
11
Let x(q) = q**3 + 3*q**2 - q - 1. Let o = 3 - 6. Let c be x(o). Suppose 5*w = 5*n + 20, -4*w - c*n + 3*n = -31. List the prime factors of w.
3
Let x be -1*(3 + -4)/1. Let d be ((-2)/x)/(8/(-16)). Suppose v + d*v - 10 = 0. What are the prime factors of v?
2
Suppose 3*g + 3*p + 3 = 0, 0 = -3*g - g + 5*p + 5. Suppose 51 = -b + 5*i + 173, g = -2*b + i + 235. What are the prime factors of b?
3, 13
Suppose 8 = 2*b + 26. Let t = 24 + b. Let z = 13 + t. List the prime factors of z.
2, 7
Suppose 40*j = 58682 + 4838. What are the prime factors of j?
2, 397
Let i = 431 - 234. Suppose 0 = -2*q - 3*c + i, 3*q + 4*c - 388 = -q. What are the prime factors of q?
2, 47
Let u = -10 + 5. Suppose -2 = 2*l - 46. Let q = u + l. List the prime factors of q.
17
Let c be (-3 + 0)/(-1) + -5 + 2. Suppose -2*v + 118 + 60 = c. What are the prime factors of v?
89
Suppose -3*d = -t + 41, 0 = 4*t - 4*d + 5*d - 112. Suppose 31*l - t*l - 496 = 0. What are the prime factors of l?
2, 31
Let w be 13*(4 - (-13 - -4)). Let s = 269 - w. Suppose g = v - 6*v + s, -5*g + 120 = 5*v. List the prime factors of v.
19
Let h(j) = -20*j - 4. Let u be h(-4). Suppose -5*z - 2 = -f - 85, -4*z + 4*f + u = 0. What are the prime factors of z?
2
Let u = 935 + -484. List the prime factors of u.
11, 41
What are the prime factors of ((5 - 7)/(-4))/(2/1244)?
311
Suppose -s - 43 = h, 18 - 81 = h - 3*s. Let w = -4 + h. Let j = -31 - w. List the prime factors of j.
3, 7
Suppose -2*t - 3132 = -4*p, -3*p + 336 = -3*t - 2010. List the prime factors of p.
2, 7
Suppose -299 = 27*a - 10775. List the prime factors of a.
2, 97
Suppose 0 = 4*t + 3*n - 413 - 131, 5*t = -5*n + 680. List the prime factors of t.
2, 17
List the prime factors of 1/(2*3/7356).
2, 613
Suppose m - 16 = -m. Suppose 5*w + 111 = m*w. What are the prime factors of w?
37
Suppose 4*o - 5956 - 11580 = 0. What are the prime factors of o?
2, 137
Let p(v) = 14*v**2 - 2*v - 13. What are the prime factors of p(6)?
479
Suppose 0 = 9*y - 6*y + 12. Let i(q) = 5*q**2 + q + 3. List the prime factors of i(y).
79
Suppose 762 = -16*g + 10*g. Let p = -111 - g. List the prime factors of p.
2
Suppose 5 = 2*f - 1, 0 = 4*l - 2*f - 54. Let v = -25 + l. List the prime factors of (-5)/(v/68) + 1.
5, 7
Let g be -1 + 0 + -9 + 43. Let k be g/(-6) + 6/(-4). Let d = k - -48. List the prime factors of d.
41
Let a(d) = -2*d + 1. Let b be a(-2). Let z = 9 - b. Suppose -5*n + 4*n - 2*w = -42, -5*w + 171 = z*n. What are the prime factors of n?
2, 11
Suppose 0 = -h + 2*t + 1715, 2*h + 5*t - 3405 = 4*t. What are the prime factors of h?
5, 11, 31
Suppose 0 = -16*t + 13940 + 15868. What are the prime factors of t?
3, 23
Let r be 0 + -10 - (3 - 0). Let w = r - -17. Suppose 10 + 2 = w*s. What are the prime factors of s?
3
Suppose -6490 = -7*j + 2*j. List the prime factors of j.
2, 11, 59
Suppose 0*a = -5*a - 10. Let m(d) = -3*d**3 - 2*d**2 - 3*d - 1. What are the prime factors of m(a)?
3, 7
What are the prime factors of (36/(-30))/(4/(-20)) + 2397?
3, 89
Let t(x) = 8*x + 8. Let m be t(-1). Suppose -12*a + 11*a + 236 = m. List the prime factors of a.
2, 59
Let b be (8/(-14))/((-5 - -6)/(-7)). Suppose -5*i = -b*i - 4*y - 248, 20 = -4*y. What are the prime factors of i?
2, 3, 19
Let t = -1411 - -2888. What are the prime factors of t?
7, 211
List the prime factors of 7 + 13/(52/18384) + -4.
3, 7, 73
Let h = 52 + -27. Suppose b = -4*b + 3*z + 103, b - 5*z - h = 0. List the prime factors of 868/b - (-6)/10.
2, 11
Let h(p) = 12*p - 1. Let n be h(12). What are the prime factors of 26/n + 1/11*2429?
13, 17
Suppose 11 = -y - 4*h, 0*h - 5*h + 11 = -y. Let b = y - -69. What are the prime factors of b?
2, 29
Suppose -h = -4*n + 6889, -2*n + 0*n = -3*h - 3457. List the prime factors of n.
1721
Let o = -11 - 26. Let l = o + 46. What are the prime factors of l?
3
Let i be ((-14)/(-35))/(2/10). Suppose -204 = -5*w + i*w. List the prime factors of w.
2, 17
Let w = 8 - 5. Let i = w + 1. Suppose i*f - 65 - 95 = 0. What are the prime factors of f?
2, 5
Suppose 3*u + 5212 = 7*u. Suppose -u = -6*m - 379. What are the prime factors of m?
2, 7, 11
Let m = -292 - -1008. Suppose 0 = 4*q - 0*q - 4*y - m, 4*q - y - 716 = 0. List the prime factors of q.
179
Suppose -7*s - 261 = -10*s. Let b = s - 42. Let g = 116 - b. List the prime factors of g.
71
Suppose 3*p - 10110 + 4008 = 0. List the prime factors of p.
2, 3, 113
Let a(t) = t**3 + 16*t**2 + 33*t + 10. Let j = -113 + 103. What are the prime factors of a(j)?
2, 5, 7
Suppose -1081 - 3311 = -2*g. What are the prime factors of g?
2, 3, 61
Let p = -5 + 17. Suppose 6*g - 49 = -169. Let a = p - g. What are the prime factors of a?
2
Let z be (4 + -3)*-4 - -310. Let m = z + -217. What are the prime factors of m?
89
Let g be 21/((-4)/(-2) + 1). Suppose 0 = -g*t + 203 + 1239. List the prime factors of t.
2, 103
Suppose -4*d + d = 0. Let b be 3350/125 + (-1)/(-5). Let i = b + d. List the prime factors of i.
3
Let q(m) = 15*m + 3. Let o be q(7). Suppose -s + 270 = 5*l + s, 2*l = -4*s + o. List the prime factors of l.
2, 3
Suppose -5*y = 19 - 39. Suppose -5*h - 4*t + 601 = -0*t, 3*h + y*t - 359 = 0. What are the prime factors of h?
11
Let y(f) = 4*f - 18. Let s be y(6). Let j be s/(-15) + (-1626)/(-15). Suppose -4*d + 2*d = -j. List the prime factors of d.
2, 3
Let n be 2/2 + (-1 + -3)/(-2). What are the prime factors of (n/6)/((-1030)/516 - -2)?
3, 43
List the prime factors of ((-1023)/(-15))/((-11)/(-165)).
3, 11, 31
Let f(d) be the first derivative of 2*d**4 - d**3 + 2. What are the prime factors of f(2)?
2, 13
Let w(r) = 2*r + 47. Let s be w(-19). Let o = 33 - s. List the prime factors of o.
2, 3
Let x be (-33)/((-6)/(-8)*2). Let l(o) = o - 3. Let g be l(7). List the prime factors of g/x + (-315)/(-99).
3
Let m(o) = -5*o**2 + 4*o + 5. Let c(j) = 11*j**2 - 7*j - 10. Suppose 2*s = 4*s + 26. Let p(n) = s*m(n) - 6*c(n). List the prime factors of p(-8).
11
Suppose 2*h + 0*h = 10. Suppose h*c = -i + c + 28, -i - 5*c = -28. List the prime factors of i.
2, 7
Let y = -3548 - -5965. List the prime factors of y.
2417
Let q(a) = a**2 - 8*a - 6. Let v(l) = -l**2 + 9*l + 5. Let c(p) = -3*q(p) - 2*v(p). What are the prime factors of c(6)?
2
Let v be 3/(-5) - 456/(-60). Let a(p) = -3*p + 3. Let c be a(v). What are the p